{"id":29,"date":"2019-02-25T14:28:30","date_gmt":"2019-02-25T13:28:30","guid":{"rendered":"https:\/\/lilla.sellei.hu\/foto\/?page_id=29"},"modified":"2023-01-18T17:05:30","modified_gmt":"2023-01-18T16:05:30","slug":"bemutatkozas","status":"publish","type":"page","link":"https:\/\/lilla.sellei.hu\/foto\/bemutatkozas\/","title":{"rendered":"R\u00f3lam"},"content":{"rendered":"\n<p class=\"has-text-align-left\">A fot\u00f3z\u00e1s tin\u00e9dzser korom \u00f3ta \u00e9rdekel, de az els\u0151 komolyabb, t\u00fck\u00f6rreflexes g\u00e9pemet csak 2009-ben v\u00e1s\u00e1roltam. Akkoriban online \u00fajs\u00e1g\u00edr\u00f3k\u00e9nt dolgoztam, \u00e9s rengeteg fot\u00f3s vett k\u00f6r\u00fcl, akik arra inspir\u00e1ltak, hogy komolyabban vegyem ezt az addig sz\u00e1momra csak hobbit. Sok\u00e1ig autodidakta m\u00f3don fejl\u0151dtem, k\u00f6r\u00fclbel\u00fcl 2015-ben fot\u00f3z\u00e1s a munk\u00e1m r\u00e9sz\u00e9v\u00e9 v\u00e1lt: sz\u00e1mos online cikkemhez k\u00e9sz\u00edtettem \u00e9s k\u00e9sz\u00edtem \u00e9n a k\u00e9peket, de a <a href=\"http:\/\/lilla.sellei.hu\">Lilla Sellei Bags<\/a> n\u00e9vre keresztelt t\u00e1skam\u00e1rk\u00e1mnak is magam kattintom a t\u00e1rgyfot\u00f3kat. 2017-ben beiratkoztam a Pr\u00e1ter fot\u00f3s k\u00e9pz\u00e9s\u00e9re, ahol szakavatott tan\u00e1rok seg\u00edtett\u00e9k tov\u00e1bbi fejl\u0151d\u00e9semet. <\/p>\n\n\n\n<p class=\"has-text-align-left\">\u00dajs\u00e1g\u00edr\u00f3i \u00e9s tervez\u0151i munk\u00e1imb\u00f3l ad\u00f3d\u00f3an gyakorlatot szereztem t\u00e1rgyfot\u00f3z\u00e1sban, lifestyle fot\u00f3z\u00e1sban, valamint sz\u00edvesen k\u00e9sz\u00edtek street style k\u00e9peket is. K\u00e9t gyerek anyuk\u00e1jak\u00e9nt pedig elm\u00e9ly\u00fclhettem a gyerek- \u00e9s csal\u00e1dfot\u00f3z\u00e1sban, aminek k\u00f6sz\u00f6nhet\u0151en m\u00e1r m\u00e1s csal\u00e1dok boldog pillanatait is meg\u00f6r\u00f6k\u00edthettem. M\u00edg a branding fot\u00f3z\u00e1s eset\u00e9ben a prec\u00edzen be\u00e1ll\u00edtott \u00e9s kital\u00e1lt kompoz\u00edci\u00f3kon van a hangs\u00faly, addig a gyerek \u00e9s csal\u00e1di fot\u00f3z\u00e1sn\u00e1l a term\u00e9szetess\u00e9g \u00e9s az elkapott pillanatok j\u00e1tsz\u00e1k a f\u0151szerepet.<\/p>\n\n\n\n<p class=\"has-text-align-center\">Friss k\u00e9pek\u00e9rt k\u00f6vessetek az Instagramon is<br><a href=\"https:\/\/www.instagram.com\/lillaselleiphoto\/\"><strong>Lilla Sellei Photo<\/strong><\/a><\/p>\n","protected":false},"excerpt":{"rendered":"<p>A fot\u00f3z\u00e1s tin\u00e9dzser korom \u00f3ta \u00e9rdekel, de az els\u0151 komolyabb, t\u00fck\u00f6rreflexes g\u00e9pemet csak 2009-ben v\u00e1s\u00e1roltam. Akkoriban online \u00fajs\u00e1g\u00edr\u00f3k\u00e9nt dolgoztam, \u00e9s rengeteg fot\u00f3s vett k\u00f6r\u00fcl, akik arra inspir\u00e1ltak, hogy komolyabban vegyem [&hellip;]<\/p>\n","protected":false},"author":2,"featured_media":2991,"parent":0,"menu_order":0,"comment_status":"closed","ping_status":"closed","template":"","meta":{"ngg_post_thumbnail":0,"footnotes":""},"class_list":["post-29","page","type-page","status-publish","has-post-thumbnail","hentry"],"_links":{"self":[{"href":"https:\/\/lilla.sellei.hu\/foto\/wp-json\/wp\/v2\/pages\/29","targetHints":{"allow":["GET"]}}],"collection":[{"href":"https:\/\/lilla.sellei.hu\/foto\/wp-json\/wp\/v2\/pages"}],"about":[{"href":"https:\/\/lilla.sellei.hu\/foto\/wp-json\/wp\/v2\/types\/page"}],"author":[{"embeddable":true,"href":"https:\/\/lilla.sellei.hu\/foto\/wp-json\/wp\/v2\/users\/2"}],"replies":[{"embeddable":true,"href":"https:\/\/lilla.sellei.hu\/foto\/wp-json\/wp\/v2\/comments?post=29"}],"version-history":[{"count":83,"href":"https:\/\/lilla.sellei.hu\/foto\/wp-json\/wp\/v2\/pages\/29\/revisions"}],"predecessor-version":[{"id":3278,"href":"https:\/\/lilla.sellei.hu\/foto\/wp-json\/wp\/v2\/pages\/29\/revisions\/3278"}],"wp:featuredmedia":[{"embeddable":true,"href":"https:\/\/lilla.sellei.hu\/foto\/wp-json\/wp\/v2\/media\/2991"}],"wp:attachment":[{"href":"https:\/\/lilla.sellei.hu\/foto\/wp-json\/wp\/v2\/media?parent=29"}],"curies":[{"name":"wp","href":"https:\/\/api.w.org\/{rel}","templated":true}]}}